 z?
1
Let y(u) be the first derivative of -18*u - 27/2*u**2 - 10. What is the tens digit of y(-4)?
9
Let h(y) = 2*y**3 - 12*y**2 + 5*y - 210. What is the units digit of h(26)?
0
Let y be (20/(-30))/(28/(-12) + 2). Suppose -y*a - 3960 = -5*z - 7*a, 4*z - 5*a - 3132 = 0. What is the units digit of z?
8
Let y(v) = 111*v**2 + 46*v - 187. What is the thousands digit of y(14)?
2
Suppose 25382 - 24101 = -2*z + 116501. What is the ten thousands digit of z?
5
Let y(v) = 76*v - 233. Let a be (0 - 10)/(36/(-36)). What is the hundreds digit of y(a)?
5
Let q = 60 + -57. Suppose -u = -2*f + 65, -q*u + 0*u = 3. Let v = f - -57. What is the units digit of v?
9
Let j be 464/((-6)/(-3)*1). Suppose -j = -4*v - 4*y, 2*v - 3*y - 122 = y. What is the tens digit of v?
5
Let p(b) = -26*b + 2. Let w be p(-1). What is the hundreds digit of 13670/35 + 12/w?
3
Suppose 5*x = -5*j + 40, -j - 23 = -4*x + 4*j. Suppose 3039 = x*g - 4*g. What is the hundreds digit of g?
0
Let w = -11811 - -24439. What is the thousands digit of w?
2
Suppose -i - 114 = 5*j, 3*i = 2*j - 417 + 58. Let p be (4/(-7))/(34/i). Suppose -28 = -6*g + 2*g - 4*r, g - 7 = p*r. What is the units digit of g?
7
Let n = -12571 - -20016. What is the tens digit of n?
4
What is the thousands digit of (-3)/((164/28 - 6) + (-141828)/(-993678))?
3
Suppose 0 = -z - 4*y + 16644, -38*y = -40*y + 8. What is the thousands digit of z?
6
Suppose 0 = 4029*p - 4027*p - 3732. What is the tens digit of p?
6
Suppose 5*z + 3*g + 2 = 32, -g - 4 = -3*z. Suppose -s + 83 = 2*m, z*s - 7*s + 122 = 3*m. Let a = 51 + m. What is the units digit of a?
3
Let q be 255/(-5 + 8) - 1. Let p(y) = y**3 - 7*y**2 - 9*y + 12. Let r be p(8). Suppose -r*g + u + 396 = 0, -q = 5*g + 5*u - 579. What is the tens digit of g?
9
Suppose i = 6*m - 3*m - 44545, -m + 14843 = -i. What is the units digit of m?
1
Let s = 10493 - 5737. What is the thousands digit of s?
4
Let g(f) = -f**3 + 13*f**2 - 2*f + 31. Let x(u) = 21*u + 2. Let a be x(-2). Let v = 53 + a. What is the units digit of g(v)?
5
Let y(o) = 2*o**2 + 60*o + 23208. What is the tens digit of y(0)?
0
Let z = 9590 - -4535. Suppose -123*x + z = -98*x. What is the tens digit of x?
6
Let d(i) = 93*i - 73. What is the ten thousands digit of d(111)?
1
What is the tens digit of (42/36 + 2/(-3))*18442?
2
Let a(w) = 11*w**2 - 151*w - 922. What is the ten thousands digit of a(-38)?
2
Let v(b) = -b**3 + 26*b**2 + 59*b - 30. Let o be v(23). Suppose 0 = -19*d + 1627 + o. What is the hundreds digit of d?
2
Let i be 2 + -3 - -30*249/6. Suppose 5*a - i + 126 = -3*z, -3*a = -5*z + 1818. What is the tens digit of z?
6
Suppose 0 = 10*v - 11*v + x + 67, -5*v = 2*x - 321. Let n = v - 30. What is the units digit of n?
5
Suppose 0 = 2*u - m - 15, 4*m + 25 = 3*u + 2*m. Suppose 11*p + 3*z = 10*p + 24, -u*z + 32 = p. What is the units digit of p?
2
Let b(l) = 9*l + 11. Let w be b(-9). Let c be 2*(-7)/(w/25). Suppose -c*g + 820 = 5*q, -3*q = q - 2*g - 650. What is the tens digit of q?
6
Suppose 353*h - 355*h + 4 = 0. Suppose -3*z + 0 = 5*f - 66, h*f + 66 = 3*z. What is the tens digit of z?
2
Let h be -808 - (10/(-5) - -2 - 0). Let p = -500 - h. What is the tens digit of p?
0
Let u = -7 + 10. Suppose -2*g = m - 9, -40*m - 4*g = -39*m - 15. Suppose -u*c = -m*k - 2*k - 83, -c + 5 = 4*k. What is the tens digit of c?
2
Suppose 0 = 11*w - 7799 + 56210. Let l = -2507 - w. What is the units digit of l?
4
Let d(z) = -z + 1. Let j be d(2). Let t be (-12)/42*j + (-186)/14. Let g(c) = -c**3 - 14*c**2 - 23*c + 11. What is the tens digit of g(t)?
4
Let a(t) = -t**3 - 40*t**2 - 542*t + 132. What is the tens digit of a(-25)?
0
Suppose -251*b + 250*b = 4*d - 3931, 2*b = 3*d - 2962. What is the hundreds digit of d?
9
Let t(p) = p - 4. Let m be t(6). What is the units digit of 1/(m/(-10)) + (-5 - -386)?
6
Let h(f) = 341*f - 16. What is the units digit of h(18)?
2
Let d(j) = -3*j**3 + j**2 + 6*j - 2. Let f(x) = x**2 + 8*x + 3. Let s be f(-4). Let t = s - -10. What is the units digit of d(t)?
0
Suppose 3741 = -425*g + 428*g. Let z = 2126 - g. What is the units digit of z?
9
Let h(w) = -198*w**3 + 2*w**2 + 3*w + 8. Suppose 77*x - 73*x = -8. What is the thousands digit of h(x)?
1
What is the tens digit of ((2/(-3))/((-12)/54))/((-6)/(-39824))?
1
Let h(v) = -v**3 + 5*v**2 - 3. Let u(g) = 4*g**3 - 21*g**2 - g + 13. Let n(s) = 9*h(s) + 2*u(s). What is the tens digit of n(-7)?
0
Let z be ((-14 - -1) + 7)*-5780. Suppose -25*s = -s - z. What is the hundreds digit of s?
4
Suppose 4*h + 3*b - 123 = 0, 2*b = -3*h + 55 + 36. Suppose h*w - 20 = 22*w. Suppose -5*y - 29 = -s, -3*s - w*y + 2*y + 155 = 0. What is the units digit of s?
9
Suppose -3*c = 17*c + 120. Let l = 2 - c. What is the units digit of l?
8
Let y(m) = -16*m**3 - 19*m**3 + 17*m**2 + 22 - 23*m**3 - 13*m + 59*m**3. What is the units digit of y(-14)?
2
Let r = 120 + -116. Suppose -2*j - 10*f = -9*f - 203, r*j = 2*f + 394. Let u = j - 47. What is the tens digit of u?
5
Let k = 68 + -107. Let p = -34 - k. Suppose 5*n - l - 508 = -4*l, l + 504 = p*n. What is the hundreds digit of n?
1
Let b be (-10)/8 + 31128/96. Suppose -320*f = -b*f + 2481. What is the units digit of f?
7
Let z be (0 + (-1)/(-2))/((-2)/(-4)). Suppose -3*g + 5*f = -353, 2*f - 105 = 3*g - 446. Let s = z + g. What is the tens digit of s?
1
Let o = -11630 - -18554. What is the units digit of o?
4
Let s(v) = -21*v**2 - 12*v + 15. Let j(b) = b**2 + b - 1. Let k(a) = -12*j(a) - s(a). Let w be ((-24)/15)/((-12)/(-30)). What is the units digit of k(w)?
1
Suppose -7 - 17 = -2*n. Let r = n - 4. What is the units digit of 241/4 - 2/r?
0
Suppose 0 = 5*r - 10*r + 30. Suppose 5*m + 58 = -3*d, m + 11*d = 6*d + r. What is the tens digit of (-4)/m + 6/(-21) + 96?
9
Let t = 0 - -3. Suppose 0 = -x + 5, 3*j - 2*j - 4*x = 25. Suppose -n + j = q, t*q - 16 - 201 = -5*n. What is the units digit of n?
1
Let r(f) = 9*f + 4. Let g(p) = 2*p + 24. Let o be g(-13). Let a be r(o). What is the units digit of 794/14 + (-4)/a?
7
Suppose -223 = -4*t + 3*t. Suppose -110*i - 3683 = 10727. Let n = i + t. What is the tens digit of n?
9
What is the units digit of (80/2)/((260/(-1985))/(-26))?
0
Let i(s) = 62 - 80 - 5*s - 164. What is the units digit of i(-37)?
3
Suppose 0 = -3*l - 2*b - 1488, 5*l + b + 2480 = -0*b. Let t = l - -968. What is the units digit of t?
2
Suppose -4*y - 4*g + 934 = -7*y, -2*y = 5*g + 615. Let u = y - -685. What is the units digit of u?
5
Suppose 707 = 4*g + 243. What is the tens digit of (-5 - 2)*-1 + g?
2
Let a be (-14)/1*56/16. What is the tens digit of (-4 - -81)*(-154)/a?
4
Let n be (16 - 12) + 1*15. Suppose 0 = 2*k + n + 5. What is the units digit of k/(-36) + 11/3?
4
Let a(i) be the first derivative of 11*i**3/3 + 31*i**2 - 3*i - 176. What is the thousands digit of a(-14)?
1
Suppose -619 = -3*y + 5*c - 231, 5*y + 5*c - 660 = 0. Suppose -2*r + 2 = -2, 5*r - 10 = -4*g. Suppose -w + y - 16 = g. What is the units digit of w?
5
Let g(b) = -137*b - 1031. Let s be g(-8). Suppose -14 = -i - 2*u - 3*u, 2*u - 32 = 4*i. Let z = i + s. What is the units digit of z?
9
What is the units digit of (-52)/130 - (-53397)/5?
9
Let p(n) be the third derivative of -n**6/120 + 11*n**5/60 - n**4/3 - 10*n**3/3 + 4*n**2. Let y be p(10). Suppose y = -q + 33 + 32. What is the tens digit of q?
6
Let w(n) = n**3 + 18*n**2 + n - 171. What is the thousands digit of w(14)?
6
Let s(y) = y**3 - 5*y**2 - 5*y - 2. Suppose -3*i + 45 = 5*g, 0*i - i - 25 = -5*g. Let d be s(g). What is the tens digit of (192/(-10))/(d/(-20))?
9
Let y(n) = 4*n + 37. Let a be y(7). Suppose 2*h - a = 3*i - 1413, -4*i + 1804 = 4*h. Let r = i - 259. What is the hundreds digit of r?
1
Let y(w) = -1216*w - 10. Let a be y(2). Let q = -3478 - a. What is the units digit of 3 + q/(-7) + (-1)/(-1)?
2
Suppose 4 = -2*p + 14. Suppose 2*i + 5*z - p = -3*i, 3*z - 7 = -2*i. Let s(a) = -3*a**3 - 10*a**2 - 6*a - 5. What is the units digit of s(i)?
1
Let f(y) = -y**3 - 9*y - 17. Let a(j) = 3*j**3 + j**2 + 26*j + 50. Let c(r) = 3*a(r) + 8*f(r). Let p be c(-6). Let x = p + 186. What is the units digit of x?
6
What is the hundreds digit of (-5145)/6*-14 + 6 + -8?
0
Let f(o) = -3*o**2 + 17. Let a(y) = 3*y**2 - y - 21. Let w(i) = -4*a(i) - 6*f(i). What is the tens digit of w(-15)?
7
Let v = 11509 - 11638. Let y be 1*3*(-99